 (base 14) to base 2.
11000010111
Convert -40312 (base 7) to base 4.
-2120200
278 (base 11) to base 5
2302
Convert -869 (base 15) to base 11.
-1477
-19215 (base 12) to base 13
-1386b
1606 (base 8) to base 9
1212
-510 (base 10) to base 14
-286
Convert -1809 (base 11) to base 7.
-6505
Convert 1222121120 (base 3) to base 4.
21202230
655 (base 12) to base 5
12204
1514 (base 8) to base 16
34c
What is 14513 (base 10) in base 15?
4478
What is -1022022022 (base 3) in base 12?
-12a8b
Convert 50343 (base 6) to base 15.
1e60
What is 305a (base 16) in base 13?
5832
What is 323 (base 12) in base 16?
1cb
What is 13766 (base 9) in base 14?
35b9
-1a1b (base 16) to base 10
-6683
d0 (base 16) to base 4
3100
18447 (base 11) to base 8
62340
-37df (base 16) to base 11
-a823
Convert -26513 (base 7) to base 2.
-1101111001011
100001011110 (base 2) to base 4
201132
Convert -5406 (base 7) to base 12.
-1139
3020101 (base 4) to base 5
402232
-737 (base 12) to base 7
-3031
Convert 50724 (base 9) to base 5.
2032034
Convert 7499 (base 12) to base 13.
5a8a
Convert 111525 (base 7) to base 8.
46547
Convert -440c (base 14) to base 4.
-2313330
What is 122132 (base 4) in base 14?
890
-3313122 (base 4) to base 16
-3dda
What is -11b (base 16) in base 5?
-2113
-9f2 (base 16) to base 5
-40141
313021 (base 5) to base 15
3126
-12cc (base 15) to base 7
-14466
What is 101020 (base 4) in base 11?
907
Convert -3114 (base 6) to base 16.
-2b6
What is -7a4 (base 13) in base 5?
-20232
Convert -56e (base 16) to base 5.
-21030
-30245 (base 6) to base 3
-12110202
-4442 (base 7) to base 8
-3076
What is 175 (base 11) in base 14?
107
Convert -136043 (base 7) to base 2.
-110010111110011
Convert -244 (base 12) to base 9.
-417
Convert 2365 (base 10) to base 5.
33430
What is 976 (base 10) in base 16?
3d0
-17143 (base 9) to base 5
-334114
1124204 (base 5) to base 4
11001022
What is -24147 (base 12) in base 11?
-33557
What is -107226 (base 8) in base 14?
-d434
What is 2603 (base 9) in base 6?
13003
-225 (base 15) to base 6
-2125
-122152 (base 6) to base 5
-321433
What is 16113 (base 7) in base 4?
1012212
What is -15534 (base 9) in base 4?
-2212102
-380 (base 11) to base 14
-243
-73c (base 16) to base 14
-964
-6464 (base 13) to base 8
-33164
What is -9732 (base 12) in base 16?
-40d6
What is 602 (base 7) in base 4?
10220
What is -5041 (base 7) in base 9?
-2347
-7c4 (base 15) to base 3
-2102011
What is 61641 (base 7) in base 15?
46ec
What is -181 (base 9) in base 6?
-414
-1010001 (base 3) to base 6
-3431
375 (base 15) to base 5
11120
Convert 221 (base 3) to base 14.
1b
What is -3234 (base 5) in base 3?
-121110
-5df (base 16) to base 3
-2001200
What is 10640 (base 7) in base 3?
10201212
-2447 (base 9) to base 5
-24300
Convert -20212202 (base 3) to base 8.
-11627
What is -806 (base 12) in base 4?
-102012
Convert 2115 (base 10) to base 4.
201003
Convert 632 (base 11) to base 4.
23321
2067 (base 9) to base 4
113233
88 (base 11) to base 7
165
-2011200122 (base 3) to base 5
-2332120
-14d8 (base 16) to base 3
-21022122
Convert 14eb (base 15) to base 9.
6145
What is 2202033 (base 4) in base 6?
120023
Convert -12393 (base 11) to base 8.
-42550
What is 506 (base 13) in base 9?
1145
-464 (base 8) to base 15
-158
Convert -91d (base 14) to base 6.
-12143
What is 100100011111 (base 2) in base 7?
6544
What is 1c6 (base 13) in base 12?
237
What is -358 (base 13) in base 9?
-714
What is 1010113 (base 4) in base 5?
120000
2130 (base 4) to base 6
420
-230230 (base 4) to base 15
-caa
110111101000 (base 2) to base 8
6750
Convert -d396 (base 16) to base 10.
-54166
Convert 4131 (base 5) to base 3.
202001
What is 3777 (base 11) in base 8?
11474
16941 (base 13) to base 15
cc7c
253500 (base 6) to base 3
1011100200
Convert 2110121100 (base 3) to base 15.
e5c0
Convert -11414 (base 5) to base 9.
-1154
What is 56114 (base 9) in base 3?
1220010111
-20301300 (base 4) to base 12
-18980
Convert -494 (base 10) to base 12.
-352
4330002 (base 5) to base 3
10202011120
Convert -223 (base 5) to base 15.
-43
What is -314a (base 12) in base 5?
-133021
What is 1145 (base 7) in base 6?
1545
Convert 2b8 (base 14) to base 8.
1052
Convert 111222002 (base 3) to base 13.
4832
Convert -1201211 (base 3) to base 16.
-4f0
Convert 32724 (base 9) to base 7.
120232
Convert -27c2 (base 13) to base 8.
-13147
What is 2534 (base 6) in base 16?
27a
Convert -1e09 (base 16) to base 12.
-4549
-13424 (base 5) to base 13
-679
Convert -1100121 (base 3) to base 10.
-988
What is 20222200 (base 3) in base 7?
20565
Convert -2432 (base 6) to base 4.
-21110
What is -1099 (base 10) in base 5?
-13344
Convert -1001200 (base 4) to base 3.
-12202021
20110222 (base 3) to base 15
15ee
What is 238 (base 10) in base 11?
1a7
What is 3a6 (base 11) in base 9?
582
Convert 491 (base 12) to base 2.
1010101101
1261 (base 7) to base 12
344
-23616 (base 7) to base 16
-17fa
264 (base 7) to base 12
100
14ca (base 14) to base 15
1171
What is -12200 (base 4) in base 9?
-512
2641 (base 14) to base 5
203341
13cac (base 14) to base 2
1100000000000000
What is 110 (base 5) in base 4?
132
Convert 18a (base 11) to base 14.
119
-36d (base 15) to base 12
-54a
Convert -602 (base 11) to base 16.
-2d8
Convert -2330 (base 7) to base 10.
-854
What is 283 (base 10) in base 6?
1151
Convert -111352 (base 6) to base 10.
-9428
23003 (base 4) to base 5
10312
-434 (base 6) to base 4
-2212
Convert -46250 (base 8) to base 6.
-230504
What is 1112112 (base 3) in base 2?
10001100001
3864 (base 10) to base 14
15a0
What is -2102210 (base 4) in base 5?
-300010
What is 64451 (base 7) in base 10?
16010
What is 15243 (base 6) in base 11?
1950
-10300 (base 7) to base 10
-2548
What is 863 (base 11) in base 15?
492
What is -1505 (base 7) in base 11?
-49a
What is 20304 (base 7) in base 16?
1359
What is -133615 (base 7) in base 4?
-12030001
-244055 (base 6) to base 15
-6625
Convert 2212211 (base 3) to base 14.
aa1
What is -1212 (base 6) in base 7?
-602
Convert -1001222 (base 4) to base 13.
-1bb3
Convert -100223 (base 4) to base 15.
-4b2
Convert 11121 (base 3) to base 2.
1111100
4234 (base 5) to base 9
702
Convert 14123 (base 5) to base 13.
6b6
Convert -344342 (base 5) to base 12.
-7274
What is -752 (base 16) in base 2?
-11101010010
-1550 (base 6) to base 16
-1aa
What is -123400 (base 5) in base 2?
-1001011110010
Convert -160 (base 13) to base 3.
-100011
What is 74a (base 16) in base 8?
3512
Convert 1006 (base 9) to base 10.
735
Convert -431 (base 7) to base 15.
-e8
-423 (base 10) to base 2
-110100111
What is d58 (base 16) in base 4?
311120
What is 715 (base 8) in base 4?
13031
What is -1315 (base 13) in base 8?
-5242
What is -13237 (base 10) in base 15?
-3dc7
-6104 (base 11) to base 8
-17657
Convert 22000 (base 5) to base 13.
8b5
Convert 2224 (base 9) to base 13.
994
-351 (base 10) to base 12
-253
What is 27a (base 12) in base 3?
112011
Convert -4300 (base 6) to base 13.
-59a
-762 (base 9) to base 11
-517
What is -325 (base 11) in base 3?
-112110
What is -8651 (base 9) in base 5?
-200424
Convert -689 (base 11) to base 3.
-1010111
-1d4 (base 14) to base 3
-112011
Convert 2040 (base 5) to base 6.
1130
Convert 205 (base 12) to base 15.
148
-27865 (base 9) to base 14
-6c84
What is -44b3 (base 15) in base 9?
-21876
13364 (base 11) to base 2
100101001111011
-41332 (base 6) to base 10
-5528
Convert 130322 (base 4) to base 10.
1850
Convert 10010100 (base 2) to base 4.
2110
What is -3004 (base 10) in base 11?
-2291
What is -19c9 (base 13) in base 7?
-14215
What is 4177 (base 15) in base 16?
360d
-e97 (base 15) to base 12
-1aa4
-7631 (base 8) to base 3
-12110220
6cb (base 15) to base 5
22131
Convert -135a (base 11) to base 14.
-8d9
6704 (base 12) to base 16
2c74
-1734 (base 13) to base 11
-2632
-5577 (base 9) to base 4
-1000120
13330 (base 6) to base 13
c33
What is 1020 (base 9) in base 8?
1353
Convert 631 (base 9) to base 13.
307
Convert 1d4 (base 14) to base 8.
576
Convert 1223 (base 7) to base 9.
558
What is 294c (base 15) in base 13?
4047
What is 1202221 (base 3) in base 8?
2416
Convert 9232 (base 14) to base 7.
133162
Convert -214632 (base 7) to base 4.
-21031020
-5838 (base 10) to base 13
-2871
5bf2 (base 16) to base 14
8814
Convert 100544 (base 6) to base 8.
17460
What is 22037 (base 9) in base 8?
34426
Convert 104423 (base 7) to base 